16?
864
Calculate the greatest common divisor of 82827 and 18135.
9
What is the greatest common divisor of 261 and 501721083?
261
What is the greatest common divisor of 10085673 and 208?
13
What is the greatest common factor of 3171849 and 16152?
2019
Calculate the highest common factor of 109 and 301108.
1
Calculate the greatest common factor of 750505 and 13120.
205
Calculate the highest common divisor of 2422674 and 414.
18
What is the highest common divisor of 92010942 and 198?
18
What is the highest common divisor of 24635136 and 768?
768
What is the greatest common divisor of 10 and 1612770?
10
Calculate the highest common factor of 7764 and 8904.
12
What is the greatest common divisor of 1782 and 10767735?
891
Calculate the greatest common factor of 3773633 and 5612.
23
What is the greatest common divisor of 8 and 48815912?
8
Calculate the highest common factor of 130 and 416490490.
130
What is the highest common divisor of 158649050 and 1995?
665
Calculate the greatest common factor of 212 and 43605326.
106
What is the highest common divisor of 189 and 66416?
7
Calculate the highest common factor of 240 and 27999024.
48
What is the greatest common divisor of 8077232 and 4784?
368
Calculate the highest common divisor of 496 and 28649766.
62
What is the highest common factor of 4300 and 66425?
25
What is the highest common factor of 20883924 and 27?
9
What is the highest common divisor of 8927675 and 8950?
25
Calculate the greatest common divisor of 71991811 and 20668.
5167
What is the highest common factor of 224 and 56406140?
28
Calculate the greatest common divisor of 14472 and 10374816.
1608
What is the greatest common factor of 2108 and 1186463?
31
What is the highest common factor of 1914 and 14187558?
66
Calculate the highest common factor of 6591 and 3312621.
39
What is the greatest common divisor of 6605664 and 780?
156
Calculate the greatest common divisor of 2553229 and 4963.
7
What is the greatest common factor of 13252710 and 58?
58
Calculate the greatest common factor of 1840 and 36616920.
920
What is the highest common factor of 20 and 398980?
20
What is the greatest common factor of 636095768 and 3632?
1816
What is the highest common divisor of 2054 and 13982921?
79
Calculate the greatest common factor of 1160791 and 1048.
131
What is the highest common divisor of 2054 and 1445444?
26
What is the greatest common divisor of 1708772 and 598468?
884
What is the greatest common divisor of 8644626 and 567072?
3222
Calculate the greatest common divisor of 255884 and 4.
4
Calculate the greatest common divisor of 133891032 and 528.
264
What is the greatest common divisor of 1326162 and 4066?
38
What is the greatest common divisor of 20345 and 1011565607?
4069
What is the highest common factor of 2409653 and 1991?
181
What is the highest common factor of 675 and 23838975?
675
Calculate the highest common factor of 203405 and 69397.
2393
Calculate the greatest common divisor of 845512 and 153.
17
What is the highest common factor of 16477929 and 117?
117
Calculate the highest common divisor of 207701 and 13689.
169
What is the greatest common factor of 9496141 and 8942?
263
Calculate the greatest common divisor of 85 and 3665800.
5
What is the highest common divisor of 244037735 and 155?
155
Calculate the highest common divisor of 1052565 and 181326.
141
Calculate the greatest common divisor of 23374935 and 165.
15
What is the greatest common divisor of 310584448 and 128?
128
What is the highest common factor of 1397863 and 6697?
181
What is the greatest common factor of 6015 and 41776180?
2005
Calculate the highest common divisor of 642 and 4301614.
214
Calculate the greatest common divisor of 205 and 2666535.
5
What is the highest common factor of 128 and 283226176?
64
What is the greatest common factor of 1653 and 24992809?
551
What is the highest common factor of 9672 and 402792?
312
What is the highest common divisor of 483151 and 994327?
1121
Calculate the greatest common divisor of 208913075 and 4150.
2075
Calculate the greatest common divisor of 22695755 and 410.
205
Calculate the highest common divisor of 872145 and 1425.
15
What is the greatest common divisor of 299553660 and 35?
35
Calculate the greatest common factor of 8517704 and 923.
13
What is the greatest common divisor of 7032 and 137172052?
1172
What is the greatest common divisor of 267332 and 3789500?
2756
Calculate the greatest common divisor of 2485 and 8751673.
497
What is the highest common factor of 726375 and 2535?
195
Calculate the highest common divisor of 4081768 and 1496.
136
What is the greatest common factor of 5922 and 7359918?
282
What is the greatest common divisor of 5516 and 7648131?
197
What is the highest common factor of 29253 and 170646?
21
Calculate the highest common factor of 15013461 and 33.
3
What is the highest common divisor of 10002424 and 1012?
92
Calculate the highest common factor of 169 and 4169009.
13
Calculate the greatest common divisor of 120627 and 311662.
13
Calculate the greatest common factor of 494 and 7849062.
26
Calculate the greatest common divisor of 3886 and 35398.
2
What is the highest common factor of 7376325 and 1375?
275
Calculate the highest common divisor of 7 and 36260357.
7
Calculate the highest common factor of 14623 and 17.
1
Calculate the greatest common divisor of 12 and 12756429.
3
Calculate the highest common factor of 241200 and 945.
45
Calculate the highest common factor of 695800 and 31400.
200
Calculate the highest common factor of 10085345 and 2395.
2395
Calculate the greatest common divisor of 216 and 4839210.
54
Calculate the highest common divisor of 855 and 1403100.
45
What is the highest common divisor of 71159190 and 1230?
1230
What is the highest common divisor of 1019498 and 28752?
1198
What is the highest common divisor of 7050 and 401550?
150
Calculate the greatest common divisor of 198780 and 1140.
60
Calculate the highest common divisor of 1803607 and 962.
13
What is the highest common factor of 364 and 14754532?
52
Calculate the highest common factor of 388 and 148202711.
97
Calculate the highest common divisor of 9558 and 19714.
2
What is the greatest common factor of 1623887 and 287?
41
Calculate the greatest common factor of 9269816 and 5411.
773
Calculate the greatest common factor of 191 and 415783507.
191
What is the highest common divisor of 1634 and 202702?
86
Calculate the greatest common factor of 90896715 and 27.
27
What is the greatest common factor of 1951 and 281449309?
1951
What is the highest common divisor of 24 and 2405433?
3
What is the greatest common divisor of 6773676 and 1820?
364
What is the highest common factor of 1062144 and 315648?
2304
What is the greatest common factor of 463679632 and 13?
13
What is the highest common factor of 33721235 and 1149?
383
What is the highest common divisor of 173 and 142339?
1
Calculate the greatest common factor of 177805650 and 44.
22
Calculate the highest common divisor of 346995 and 465960.
165
What is the greatest common divisor of 874 and 135166?
38
Calculate the greatest common factor of 20132 and 2296.
28
Calculate the highest common factor of 13242015 and 15390.
135
Calculate the highest common divisor of 103395487 and 91.
13
Calculate the greatest common divisor of 1628340 and 270.
30
What is the highest common divisor of 414 and 30139752?
138
What is the highest common divisor of 15565 and 197560885?
1415
Calculate the greatest common divisor of 353157 and 87703.
469
What is the greatest common factor of 22365 and 239967?
63
What is the greatest common factor of 2922 and 149198781?
1461
What is the greatest common divisor of 5248530 and 1995?
105
What is the highest common divisor of 2650 and 2407154?
106
Calculate the highest common factor of 1539 and 97793.
19
What is the highest common divisor of 55732704 and 72?
24
What is the greatest common divisor of 13770262 and 2684?
1342
What is the highest common factor of 846 and 1451360?
94
What is the highest common divisor of 28429725 and 1035?
345
What is the highest common factor of 64 and 429949?
1
Calculate the highest common divisor of 48182167 and 88.
11
Calculate the greatest common divisor of 464950 and 391850.
850
What is the greatest common factor of 